et v(m) = -349*m + 95635. Determine v(274).
9
Let x(f) = 3*f**3 + 452*f**2 - 136*f + 2292. What is x(-151)?
27
Let h(d) = 5*d**2 - 1154*d - 2323. What is h(-2)?
5
Let p(d) = -168*d**2 + 9244*d - 231. Give p(55).
-11
Let c(p) = -1859*p + 689652. Determine c(371).
-37
Let m(r) = 2*r**2 + 657*r + 32893. Determine m(-272).
2157
Let j(l) = -3*l**2 + 614*l + 3121. Determine j(208).
1041
Let d(q) = 2*q**2 - 574*q + 1393. What is d(286)?
821
Let h(x) = 95*x**2 - 1196*x - 426. Calculate h(13).
81
Let s(q) = q**3 - 5*q**2 + 18*q - 48. Calculate s(9).
438
Let h(i) = -3*i**2 - 1074*i - 78802. Give h(-255).
-7
Let t(w) = w**3 - 5*w**2 + 1428*w - 2832. Calculate t(2).
12
Let m(y) = 10*y**2 - 1892*y - 470. What is m(0)?
-470
Let i(c) = -3*c**2 + 887*c - 7080. Determine i(286).
1214
Let x(d) = 2*d**3 - 122*d**2 - 124*d - 458. What is x(62)?
-458
Let i(o) = -o**3 + 50*o**2 + 347*o + 859. Calculate i(56).
1475
Let n(f) = -6*f**2 - 19*f - 24. Calculate n(-3).
-21
Let s(m) = -m**2 + 49*m + 147. Give s(19).
717
Let u(s) = -4920*s - 324704. Calculate u(-66).
16
Let i(s) = 109550*s + 657291. Give i(-6).
-9
Let b(z) = 212*z + 28597. Calculate b(-138).
-659
Let z(u) = -280*u - 1415. Calculate z(-9).
1105
Let w(m) = 385*m - 8057. Determine w(26).
1953
Let j(s) = -9653*s + 67646. Calculate j(7).
75
Let v(b) = 7955*b - 87486. Calculate v(11).
19
Let x(i) = 177*i**2 - 16638*i + 33. Determine x(94).
33
Let h(j) = 10*j**2 - 145*j - 4206. What is h(29)?
-1
Let l(r) = 3111*r - 24895. What is l(8)?
-7
Let m(k) = 2*k**3 + 257*k**2 + 898*k + 2828. Determine m(-125).
-47
Let z(y) = 290*y + 27785. Determine z(-82).
4005
Let v(u) = -u**3 - 125*u**2 + 2122*u + 3091. What is v(-140)?
11
Let d(n) = 80*n - 1906. What is d(8)?
-1266
Let d(k) = k**2 - 6600*k + 229753. Determine d(35).
-22
Let p(u) = 5*u**2 + 64*u + 400. Calculate p(-11).
301
Let s(l) = 14*l**2 + 19*l + 19. What is s(-6)?
409
Let j(p) = 94*p**2 - 237*p - 237. Determine j(-1).
94
Let i(w) = w**2 + 681*w - 16326. Determine i(23).
-134
Let k(r) = -r**3 + 97*r**2 + 9*r + 8715. Give k(98).
-7
Let n(i) = -3*i**3 - 6*i**2 - 1957*i + 5958. Give n(3).
-48
Let w(m) = 2*m**3 + 7775*m + 7775. Calculate w(-1).
-2
Let d(l) = 2*l**3 - 6*l**2 + 1706*l - 3410. Determine d(2).
-6
Let f(z) = -z**3 - 78*z**2 + 3*z + 121. What is f(-78)?
-113
Let q(r) = 5*r**3 + 239*r**2 + 92*r - 2107. Give q(-47).
2405
Let n(i) = -2*i**3 + 33*i**2 - 105*i - 120. Give n(7).
76
Let v(p) = 198*p**3 + 3167*p**2 + 80*p + 1559. Calculate v(-16).
23
Let f(x) = 3*x**3 + 3*x**2 + 78*x - 358. Calculate f(4).
194
Let t(o) = -23*o**3 - 3*o**2 - 461*o - 910. Calculate t(-2).
184
Let u(x) = 8466*x + 296366. Calculate u(-35).
56
Let u(c) = 237*c**2 + 2902*c + 8049. What is u(-8)?
1
Let k(i) = 698*i - 8754. What is k(14)?
1018
Let n(a) = a**3 + 11*a**2 - 26*a + 9. Determine n(-14).
-215
Let v(o) = 408*o - 6273. Give v(15).
-153
Let n(s) = 74137*s - 74385. Give n(1).
-248
Let p(a) = a**3 - 110*a**2 + 2789*a - 264082. Give p(107).
-6
Let o(t) = 103559*t - 2174757. Determine o(21).
-18
Let q(k) = 2*k**2 - 4902*k + 169180. Calculate q(35).
60
Let k(x) = -2*x**3 - 1648*x**2 - 80296*x - 6196. What is k(-772)?
-20
Let k(o) = 2691*o - 13069. Determine k(5).
386
Let s(r) = 3650*r - 40087. What is s(11)?
63
Let o(g) = -4*g**2 - 639*g + 5431. Determine o(-168).
-113
Let k(m) = m**2 + 124*m - 4621. Give k(-154).
-1
Let u(i) = -283*i - 1475. What is u(4)?
-2607
Let u(i) = i**2 + 43218*i - 389043. Give u(9).
0
Let b(a) = -31*a**2 + 478*a - 971. Determine b(13).
4
Let b(n) = 3*n**3 + 10*n**2 + 1768*n + 1759. What is b(-1)?
-2
Let i(z) = -3*z**2 + 1092*z + 196. What is i(363)?
1285
Let u(a) = -24147*a + 31. Calculate u(0).
31
Let d(j) = -405804*j + 811590. Determine d(2).
-18
Let q(m) = -101*m**2 - 161*m + 11720. Calculate q(10).
10
Let m(u) = 67667*u - 676606. What is m(10)?
64
Let c(n) = -n**3 - 13*n**2 + 11072*n + 1594. Calculate c(99).
10
Let d(y) = 2397*y - 9677. Give d(4).
-89
Let m(v) = 29*v**2 + 20*v - 464. Determine m(-5).
161
Let f(k) = 23*k**2 - 117*k - 3330. Calculate f(-12).
1386
Let p(q) = -q**2 - 33*q - 609. Give p(-29).
-493
Let y(h) = -5*h**3 + 4333*h**2 - 2828*h + 199179. Give y(866).
-1
Let k(m) = 154*m - 1933. Determine k(15).
377
Let h(s) = -s**3 + 7892*s + 15767. Calculate h(-2).
-9
Let c(o) = -357372*o + 5003207. Give c(14).
-1
Let v(u) = 2*u**2 + 47*u + 952. What is v(-25)?
1027
Let w(r) = -r**2 - 17*r - 53. What is w(-21)?
-137
Let r(q) = 4*q**3 - 73*q**2 - 35*q - 519. Give r(19).
-101
Let i(q) = -154*q**2 - 1142*q + 6057. Calculate i(-11).
-15
Let j(b) = -4*b**2 - 81*b + 790. Give j(6).
160
Let z(k) = -50050*k - 13. Give z(0).
-13
Let l(m) = -70047*m - 420303. Determine l(-6).
-21
Let q(f) = -3*f**2 + 538*f - 5147. Give q(170).
-387
Let n(f) = -5*f**2 + 530*f - 10867. What is n(22)?
-1627
Let o(k) = k**3 - 65*k**2 - 3181*k + 208350. Calculate o(63).
9
Let q(a) = a**2 + 88*a - 931. Determine q(-56).
-2723
Let z(j) = -48105*j - 2116620. What is z(-44)?
0
Let b(q) = 178*q + 18703. Give b(-111).
-1055
Let i(z) = 2*z**3 + 8*z**2 + 51*z + 77. Determine i(-2).
-9
Let x(t) = -14*t**2 + 1059*t - 1218. Calculate x(75).
-543
Let r(n) = -600*n - 44433. Give r(-74).
-33
Let k(v) = 66*v**2 + 504*v + 274. Determine k(-7).
-20
Let y(h) = -1576*h + 41030. What is y(26)?
54
Let r(z) = -662*z**2 - 1969*z + 56. Give r(-3).
5
Let d(y) = 13*y**3 + 45*y**2 - 39*y - 65. Calculate d(-5).
-370
Let m(k) = k**3 - 11*k**2 + 20*k - 144. Give m(10).
-44
Let b(c) = -14901*c + 44459. Give b(3).
-244
Let s(d) = 1817*d + 33164. Determine s(-18).
458
Let l(h) = 1213*h + 38573. What is l(-32)?
-243
Let b(a) = -7*a**3 + 15*a**2 - 69*a + 327. What is b(6)?
-1059
Let w(d) = 57018*d - 25487040. What is w(447)?
6
Let a(f) = 2864*f + 8642. Determine a(-3).
50
Let r(y) = 13*y**3 + 2*y**2 - 124*y - 251. Determine r(-2).
-99
Let i(l) = l**2 - 35*l - 1286. Determine i(-22).
-32
Let s(p) = -2054*p**2 + 11402*p - 5664. Give s(5).
-4
Let s(i) = 43617*i + 305312. Determine s(-7).
-7
Let m(n) = n**2 - 2242*n + 1117449. Determine m(748).
-63
Let p(g) = -2*g**3 - 14*g**2 - 106*g + 736. Calculate p(4).
-40
Let z(b) = b**2 + 42*b - 1200. What is z(33)?
1275
Let h(t) = -151*t - 7181. What is h(-35)?
-1896
Let z(q) = -q**2 + 1765*q - 58345. Determine z(33).
-1189
Let o(n) = -4258*n**3 + 12*n**2 + 25*n + 13. Calculate o(-1).
4258
Let w(s) = s**2 + 204500*s - 10022902. Determine w(49).
-1
Let g(r) = -6366*r + 171834. What is g(27)?
-48
Let q(s) = 6*s**3 - 74*s**2 + 36*s - 98. Give q(12).
46
Let j(f) = 593*f - 7060. Give j(15).
1835
Let w(q) = -3*q**2 - 41574*q + 1082954. What is w(26)?
2
Let v(o) = -6*o**2 - 13488*o - 40406. What is v(-3)?
4
Let h(i) = -114*i**2 - 10506*i - 12019. Give h(-91).
-7
Let k(c) = -195517*c - 782383. Give k(-4).
-315
Let o(a) = -a**2 + 56*a + 296. Determine o(-5).
-9
Let c(y) = 4212*y + 126586. What is c(-30)?
226
Let r(n) = -87*n**3 - 785*n**2 + 3*n + 158. What is r(-9)?
-31
Let h(z) = -z**3 + 50*z + 181. Determine h(-3).
58
Let t(y) = -295*y - 2889. What is t(-11)?
356
Let b(p) = -1076*p**3 - p**2 - 39*p + 39. Calculate b(1).
-1077
Let f(z) = 5*z**3 + 466*z**2 + 81*z - 1573. Calculate f(-93).
-457
Let g(t) = -t**2 - 6652*t + 19943. Give g(3).
-22
Let v(y) = -489*y - 5547. Determine v(-16).
2277
Let c(q) = -188*q**3 + 6*q**2 + 2*q - 3. Determine c(-1).
189
Let m(v) = -10*v**3 - 101*v**2 - 26*v - 160. What is m(-10)?
0
Let m(y) = -112*y - 419. What is m(-6)?
253
Let h(l) = 632*l**2 - 30960*l - 384. Calculate h(49).
8
Let u(b) = b**2 - 133*b + 3293. Determine u(103).
203
Let i(d) = -d**3 + 434*d**2 - 37303*d + 1764. Calculate i(118).
-6
Let n(z) = -2*z**3 + 405*z**2 - 1003*z + 662. What is n(200)?
62
Let a(k) = 10*k**2 + 34*k - 173. Determine a(5).
247
Let i(k) = 2*k**2 + 3710*k - 592896. Give i(148).
-8
Let r(x) = -1370*x - 49276. Calculate r(-36).
44
Let m(q) = -9866*q + 345342. Give m(35).
32
Let s(p) = 26*p**2 + 1246*p - 15195. Determine s(-58).
1
Let f(r) = r**2 + 9*r - 35. Calculate f(-5).
-55
Let c(u) = -2481*u - 42055. Calculate c(-17).
122
Let n(l) = -12*l**3 + 1652*l**2 - 1135*l + 5346. What is n(137)?
3
Let v(f) = 3399*f - 84986. Determine v(25).
-11
Let i(h) = -20456*h + 101465. What is i(5)?
-815
Let h(d) = 5284*d + 322558. Determine h(-61).
234
Let y(l) = -l**3 - 25*l**2 - 155*l